t o(n) = n**3 + 6*n**2 + 7*n + 5. Let k be (2/3)/((-4)/30). What is o(k)?
-5
Suppose 4*o + 2 = -o - 4*j, -o - 2*j = 4. Let n(a) = -4*a**3 + 3*a + 1 + 3*a**3 - 4*a + o*a. Give n(-2).
7
Let f(m) = -5*m - 4*m + 3*m. Suppose -2*y = -4*i - 0*y - 4, 0 = -4*i - y - 10. Let o be 1 - (i - 4/(-1)). Determine f(o).
6
Suppose -2*l + 12 = 2*l. Let j(r) be the second derivative of r + 0 + 1/20*r**5 - 1/2*r**4 + 5/6*r**3 + l*r**2. Calculate j(5).
6
Let g(y) = y**2 + 2*y - 5*y + 2*y + y**2. Let j be (3 + -1)/(4/(-4)). Let s = j + 1. Give g(s).
3
Suppose -2*w = -w. Suppose w*x = x. Let u(y) = y**2 + 13*y**3 + 5 - 14*y**3 + 0*y + y. Calculate u(x).
5
Let l(o) = -o**3 + 9*o**2 - 8*o + 4. Let d be l(8). Let v(s) = 4*s - 3*s - d - 2*s. Give v(-3).
-1
Let h(v) be the second derivative of -v**5/20 + v**4/3 + 5*v**3/6 + v**2/2 - 56*v. Give h(4).
21
Let b be (4/12)/((-1)/(-6)). Suppose -8 = -b*u + 4*h, 0 = -h + 4*h + 3. Let s(l) = 2*l**2 - u*l**3 + 1 + l + 2 + l**3. What is s(3)?
-3
Let i(q) = -q**3 - 4*q**2 + 4*q + 3. Let h = -42 - -38. What is i(h)?
-13
Suppose -4*s + 12 = -0*s. Suppose 0 = -j - 4*b + 15, s*b = -j + 7*b + 7. Let k(h) = -h - j - 2*h + 4*h + 3. Give k(0).
-8
Let t(q) = 4*q**2 - 1. Let v = -19 - -15. Suppose -5*w + 3 = 3*i - 0*i, 0 = -2*w. Let c(o) = -o**2. Let l(u) = i*t(u) + v*c(u). Determine l(1).
7
Let d be -6*(-3 + (-3)/(-2)). Let w = d + -5. Let j(n) = n**2 - n - 3. Give j(w).
9
Let u(g) = 2*g - 44. Let w be u(18). Let i(y) = y**2 + 6*y - 10. What is i(w)?
6
Let y(s) = s**2 - 2*s - 1. Suppose -2 + 4 = a. Give y(a).
-1
Let t(w) be the third derivative of -w**7/5040 + w**6/720 + w**5/60 - w**2. Let i(u) be the third derivative of t(u). Let x = 285 + -289. Determine i(x).
5
Suppose -6 = x - 3*p - 17, 2*x - 3*p - 13 = 0. Let m(y) = y - 4. What is m(x)?
-2
Let f(t) = t**2 + 5*t - 6. Let h be 12/8*4/(-6). Let p be ((-5)/h)/(1 + -2). Calculate f(p).
-6
Let j(v) = -12*v + 24*v - 16*v - 2 + 3. Determine j(5).
-19
Let s(g) = 2*g + 1. Suppose 4*w - 28 = 4*h + 2*w, -w - 16 = 4*h. Let u(x) = -2*x - 6. Let r be u(h). Calculate s(r).
9
Suppose -3*n + 7*n = -28. Let a(h) = h**2 + 8*h + 3. What is a(n)?
-4
Let s(k) be the third derivative of -13*k**4/24 + k**3/6 - k**2. Let f = 30 - 29. What is s(f)?
-12
Suppose -59 + 16 = 4*q - 3*z, -2*q = -4*z + 34. Let y(t) = -t - 6. Calculate y(q).
1
Suppose -4*t - h = -21, h - 6 = -2*t - h. Let j be (-8)/t*(-6 - -3). Let f(k) = -6*k + 2*k + 3*k + 4. Calculate f(j).
0
Suppose -6 = -4*f + f. Let a(j) = -3*j + 0 - f + 4*j. What is a(-4)?
-6
Let m(g) = -4*g - 11. Let c be m(-4). Let o(l) = -3*l**2 + 3*l + 2. Let s(z) = -z**2 - z. Let a(f) = -o(f) + 2*s(f). What is a(c)?
-2
Suppose j + 1 - 6 = 0. Let u(o) be the second derivative of -o**3/6 - o**2 - 4*o. What is u(j)?
-7
Let p(s) = -3*s - 6. Let h(d) = -4*d**2. Let r be (1/(-2))/((-2)/4). Let k be h(r). Calculate p(k).
6
Let x be (-1 - 1)*3/(-6). Let r(b) = -15*b**3 - 2*b**2 + 1. Determine r(x).
-16
Let o(c) = 2*c + 5. Let q(k) = 3*k + 10. Let r(y) = 5*o(y) - 3*q(y). Calculate r(5).
0
Suppose 106 + 126 = 4*f. Let k(j) = j**3 + f*j - 58*j + 3. What is k(0)?
3
Let t(p) = -p**2 - p - 1. Let f(w) = -5*w**2 - 5*w. Let s(j) = f(j) - 2*t(j). Calculate s(-3).
-16
Let x = 14 - 10. Let v(r) be the first derivative of -r**3 - 3*r**2 + r + 1. Let j(p) = 2*p**2 + 6*p - 1. Let a(t) = -4*j(t) - 3*v(t). Calculate a(x).
-7
Let t(k) = 135*k**2 + 9 - 3 + 3*k - 134*k**2. Calculate t(-5).
16
Let v(p) = -p - 1. Let a be 2/3*2/4*12. Calculate v(a).
-5
Let y(x) = x**3 - 4*x**2. Let f be y(4). Let n(b) = -b - 2*b + 5 - 1 + f*b. Let p(j) = 12*j - 15. Let c(g) = -9*n(g) - 2*p(g). Give c(4).
6
Let q be (-13)/(-3) + 8/(-24). Let s(k) = k**2 - 2*k. What is s(q)?
8
Let k(a) = a**2 + 6*a + 4. Let r be k(-6). Let u(t) = -5 - 5*t + 0 + r. Give u(-1).
4
Let m be 2/((-2)/(-3)) - 0. Let y(u) = -m*u + 3*u + 1 + 4*u - 3*u. Suppose 3*b - 9 = 5*g + 2*b, 13 = 3*g + 4*b. Give y(g).
0
Let g(m) = -m - 4. Suppose -4*j + 4*q + 20 = 0, -3*q - 12 = -2*j - 0*j. Suppose i + 8 + 0 = -t, -j*i + t - 8 = 0. Determine g(i).
0
Let a be (-4)/(-10) - (-22)/(-5). Let r(b) = 2*b + 5. Determine r(a).
-3
Let c(t) = -t + 6. Let a = -89 + 97. Calculate c(a).
-2
Let l be 3/(-2)*(-120)/18. Suppose -d = -6*d - l. Let n(c) = -c**3 - c**2 + 3*c + 1. Give n(d).
-1
Suppose 5*p = 892 - 897. Let k(r) be the second derivative of 5*r**4/12 - r**3/6 - r. Calculate k(p).
6
Let c(w) = -w - 3 - 2*w + 2*w. Let g be 6/9 + (-28)/6. Calculate c(g).
1
Let s = -2 + 4. Suppose -s*v + 14 = 6. Let c(a) = a**3 - 3*a**2 - 4*a + 2. Calculate c(v).
2
Let g(o) = o - 4. Let v = 5 + -3. Suppose -y - v*n = -6*n - 10, -3*y = -2*n - 10. Suppose 4*j + 4*z + 13 = -j, -2*j + y = 4*z. Give g(j).
-9
Let n = -14 - -5. Let j(m) = -13 + 0 + 0 - m. Let w be j(n). Let u(k) = -k**2 - 3*k - 2. Determine u(w).
-6
Let k(x) be the second derivative of -x**4/12 + x**3 + 7*x**2/2 + 3*x + 7. Let s be -3*1*(-4 + 2). Give k(s).
7
Let x(p) = -p**2 - 3*p - 3. Let o(m) = -m**2 - 14*m - 4. Let b be o(-14). What is x(b)?
-7
Suppose 3*r = r - 4. Let f(m) = 2*m**2 - 2*m - 1. Calculate f(r).
11
Suppose 0 = 2*c + 3*c - 10. Let b(l) = -l**c + 0*l - 4*l + 3 - 1 + l**3. Let t = 3 + 0. Calculate b(t).
8
Suppose -s + 6 = -3*u, 0*u - 8 = 4*s + 4*u. Suppose s = -k - 0*k. Let c(p) = -p**2 - p + 3. What is c(k)?
3
Let v(a) be the first derivative of -a - 2 + 4 - a**2 - 4 + 0. Determine v(-1).
1
Suppose -2*s = -5*p + 15, 3*p - 5 = s + p. Let d(g) be the first derivative of -g**3/3 + 7*g**2/2 - 7*g - 1. What is d(s)?
3
Suppose 4*q = 52 - 16. Let l = -4 + q. Let c(d) = 2*d - 6. Give c(l).
4
Let j(t) = t**2 + t + 1. Let n(z) = -z**3 - 11*z**2 - 9*z - 7. Let m(k) = -6*j(k) - n(k). Determine m(-5).
-14
Let l(d) = -2*d**2 + 3*d - 4. Let k be (-1)/3*(-1)/((-2)/(-18)). Determine l(k).
-13
Let z(k) = -k**3 - 4*k**2 - k + 3. Let s be -2 + 0/2 - 0. Let n be 0 - (2*3)/s. Suppose -n*m - 8 = 1. Determine z(m).
-3
Let i(c) be the first derivative of 2*c**3/3 - 2*c**2 + 3*c - 7. Calculate i(2).
3
Let z(m) = 1 - 5 + 5*m + m**2 + 3 - 2*m**2. Calculate z(4).
3
Let r be (2 + -6)/(-2) - 0. Let z(v) = -13*v**2 + 3. Let m(c) = 3*c**2 - 1. Let i(d) = r*z(d) + 9*m(d). Determine i(3).
6
Let x(l) = -2*l**2 + 4 + l + 1 + 0*l**2 - 7 - 3*l**3. What is x(-2)?
12
Suppose 2*q = 3*q - 2. Let g be 9*q*(-1)/(-6). Let x(r) = 2. Let n(y) = y**2 + 1. Let m(i) = -n(i) + x(i). What is m(g)?
-8
Let h(m) be the first derivative of m**4/4 + m**3 + m**2 + 2*m + 9. Give h(-2).
2
Suppose 0*x = 7*x - 21. Let m be 1*(-1)/1 + 3. Let s(b) = 7*b + 6 - 2*b + b**x - m + 6*b**2. Determine s(-5).
4
Let m(v) = v**2 - 7*v + 7. Let h be m(5). Let a(q) = q**2 + q - 921 + 2*q + 919. Give a(h).
-2
Let a(p) = p**2 - p + 1. Let o be (-1)/(-2) + (-4)/8. Suppose o = -3*x + x. Give a(x).
1
Let s(k) = k**3 - 8*k**2 + 6*k + 9. Let z be s(7). Let q(d) = z*d**3 - d**2 + 4 + d - 5 - 3*d**3. Determine q(-2).
1
Let q(c) = -c + 1. Let u(l) = l**3 + l**2 + l - 4. Let y(w) = w - 4. Let m be y(4). Let a be u(m). What is q(a)?
5
Let p(z) be the first derivative of z**4/4 + 2*z**3 - 4*z**2 - 1. Give p(-7).
7
Let p(x) = 2*x - 6. Let u(n) = -3*n + 12. Let a(l) = -5*p(l) - 3*u(l). Let s be (-1)/(5 - 144/30). What is a(s)?
-1
Let j(r) = r**3 + r**2 - 4*r. Suppose y + 2*v = -1, -v + 2*v = -4. Suppose -5 - y = 4*s. Calculate j(s).
-6
Let t(i) = i**2 + 7*i + 3. Let m(o) = o - 11. Let c be m(8). Let x = c + 6. Suppose 0 = -4*j - 4*r - 28, 5*r - 9 = x*j - 4. Determine t(j).
-7
Let l(d) be the first derivative of -d**4/4 + 4*d**3/3 + 5*d**2/2 + 3*d + 3. What is l(5)?
3
Let r(h) = 6*h - 122 - 6*h**2 + 122 + h**3. Suppose -5*q + 31 = 6. Give r(q).
5
Suppose 4*b = -b + 80. Suppose b = l - 4*l + u, 3*u - 20 = 2*l. Let c(d) = -d**3 - 3*d**2 + d - 3. Determine c(l).
9
Let m(a) = 0 + 2 - 1 - 7*a**2 - 8*a. Let j(r) = -15*r**2 - 16*r + 3. Let b(v) = 6*j(v) - 13*m(v). Calculate b(-6).
-7
Let r(x) = -2*x + 8. Let v(j) = -j + 3. Let i(f) = -4*r(f) + 11*v(f). Determine i(-1).
4
Suppose -3*s - 4 = -10. Let o(u) = 2*u + 0 - u + 7 - s. Suppose 10 - 4 = -b. What is o(b)?
-1
Let s(c) = 4*c - 2. Let w(f) = -f**2 + 3*f + 3. Let u be w(-2). Let t = u + 9. Give s(t).
6
Let v(p) = -4*p + 1. Let f be v(-1). Let i = f + -3. Let y(g) = 2*g + 3 - 2 + g + 0*g**2 + g**i. Determine y(-2).
-1
Suppose 3*y + 2*h - h - 7 = 0, 3*h =